a factor of 33252?
True
Is 133 a factor of 51471?
True
Is 35 a factor of 46690?
True
Does 18 divide 5186?
False
Is 18 a factor of 64655?
False
Does 5 divide 613?
False
Is 1991 a multiple of 6?
False
Is 4768 a multiple of 16?
True
Is 1040 a multiple of 14?
False
Is 9187 a multiple of 45?
False
Is 37 a factor of 1517?
True
Does 42 divide 1724?
False
Does 242 divide 39204?
True
Is 15191 a multiple of 11?
True
Is 15 a factor of 36378?
False
Is 559 a multiple of 11?
False
Is 6 a factor of 1140?
True
Is 94 a factor of 769?
False
Does 24 divide 1992?
True
Is 76 a factor of 3572?
True
Is 112 a factor of 6933?
False
Does 20 divide 1020?
True
Does 264 divide 16896?
True
Does 29 divide 2088?
True
Does 53 divide 48736?
False
Is 36 a factor of 5294?
False
Is 113 a factor of 20503?
False
Does 53 divide 8904?
True
Is 48045 a multiple of 30?
False
Does 5 divide 1478?
False
Does 80 divide 57600?
True
Is 11 a factor of 6369?
True
Is 20 a factor of 724?
False
Does 17 divide 1088?
True
Is 1624 a multiple of 116?
True
Does 13 divide 3978?
True
Is 36 a factor of 525?
False
Is 74 a factor of 148?
True
Is 2533 a multiple of 10?
False
Is 21 a factor of 43155?
True
Is 2 a factor of 8572?
True
Does 13 divide 266?
False
Does 39 divide 1053?
True
Is 18348 a multiple of 251?
False
Is 26 a factor of 1159?
False
Is 4 a factor of 1824?
True
Is 239 a multiple of 4?
False
Is 29 a factor of 10962?
True
Does 19 divide 494?
True
Does 6 divide 27376?
False
Does 16 divide 400?
True
Is 6816 a multiple of 16?
True
Is 35 a factor of 1427?
False
Is 4986 a multiple of 9?
True
Is 98 a factor of 1568?
True
Does 30 divide 2225?
False
Is 73485 a multiple of 355?
True
Is 24 a factor of 7422?
False
Is 10147 a multiple of 139?
True
Is 207 a factor of 57132?
True
Is 73 a factor of 398?
False
Is 2 a factor of 41?
False
Is 6144 a multiple of 11?
False
Is 25 a multiple of 2?
False
Does 5 divide 3040?
True
Is 10 a factor of 174?
False
Is 3673 a multiple of 4?
False
Is 5232 a multiple of 3?
True
Is 9 a factor of 84144?
False
Is 27 a factor of 1431?
True
Is 5 a factor of 24491?
False
Does 17 divide 43686?
False
Does 85 divide 43180?
True
Is 852 a multiple of 16?
False
Is 91 a factor of 28574?
True
Does 9 divide 1062?
True
Is 164 even?
True
Is 3610 a multiple of 19?
True
Does 29 divide 1740?
True
Does 7 divide 7?
True
Is 34 a factor of 581?
False
Is 43 a factor of 6921?
False
Is 6865 a multiple of 126?
False
Does 7 divide 2009?
True
Does 15 divide 3346?
False
Is 6 a factor of 450?
True
Is 3 a factor of 1075?
False
Does 2 divide 223?
False
Is 3402 a multiple of 54?
True
Is 109 a factor of 1311?
False
Is 39 a factor of 702?
True
Is 826 a multiple of 59?
True
Is 17129 a multiple of 35?
False
Is 116 a multiple of 3?
False
Does 5 divide 8247?
False
Does 103 divide 19107?
False
Is 10 a factor of 740?
True
Is 26 a factor of 24726?
True
Is 19 a factor of 1216?
True
Does 15 divide 819?
False
Is 87360 a multiple of 24?
True
Is 9926 a multiple of 42?
False
Is 12 a factor of 1014?
False
Is 4 a factor of 9?
False
Is 3 a factor of 11207?
False
Does 30 divide 68?
False
Is 34706 a multiple of 74?
True
Is 192 a factor of 75885?
False
Does 3 divide 1430?
False
Is 112 a multiple of 31?
False
Is 601 a multiple of 18?
False
Is 16 a factor of 1023?
False
Does 63 divide 1134?
True
Does 66 divide 5593?
False
Is 6 a factor of 879?
False
Does 80 divide 21179?
False
Does 45 divide 20790?
True
Is 27015 a multiple of 54?
False
Is 6096 a multiple of 25?
False
Does 52 divide 54288?
True
Does 45 divide 5044?
False
Does 66 divide 3056?
False
Is 11088 a multiple of 99?
True
Is 1638 a multiple of 63?
True
Is 1372 a multiple of 105?
False
Does 180 divide 16020?
True
Does 17 divide 10589?
False
Is 858 a multiple of 13?
True
Is 498 even?
True
Does 9 divide 572?
False
Is 35264 a multiple of 116?
True
Is 258 a factor of 45635?
False
Does 90 divide 9868?
False
Does 34 divide 7877?
False
Is 60 a factor of 600?
True
Is 2376 a multiple of 3?
True
Does 24 divide 3912?
True
Is 128 a factor of 9761?
False
Is 9027 a multiple of 53?
False
Is 341 a factor of 57629?
True
Is 12 a factor of 3695?
False
Is 17775 a multiple of 75?
True
Is 133 a factor of 3621?
False
Is 1516 a multiple of 23?
False
Is 43096 a multiple of 21?
False
Is 64 a factor of 10593?
False
Does 185 divide 22978?
False
Is 417 a multiple of 42?
False
Is 2507 a multiple of 23?
True
Is 1024 a multiple of 14?
False
Does 14 divide 624?
False
Is 1363 a multiple of 11?
False
Is 1152 a multiple of 16?
True
Does 13 divide 12779?
True
Is 5650 a multiple of 25?
True
Is 1211 a multiple of 84?
False
Is 975 a multiple of 65?
True
Does 69 divide 10971?
True
Is 7 a factor of 33621?
True
Does 6 divide 21?
False
Is 100 a factor of 1200?
True
Does 5 divide 205?
True
Does 17 divide 1448?
False
Is 16 a factor of 1872?
True
Does 5 divide 910?
True
Is 5832 a multiple of 4?
True
Is 1265 a multiple of 25?
False
Is 1660 a multiple of 10?
True
Does 34 divide 21794?
True
Is 110 a factor of 38720?
True
Is 8767 a multiple of 11?
True
Is 207 a factor of 17388?
True
Does 22 divide 6938?
False
Does 31 divide 17205?
True
Is 20 a factor of 3907?
False
Does 13 divide 3107?
True
Is 132 even?
True
Is 30 a factor of 210?
True
Is 33 a factor of 1602?
False
Is 18 a factor of 1728?
True
Is 2736 a multiple of 12?
True
Is 60 a factor of 38716?
False
Is 2755 a multiple of 29?
True
Does 28 divide 142?
False
Does 21 divide 1871?
False
Is 1137 a multiple of 18?
False
Is 5941 a multiple of 36?
False
Is 8176 a multiple of 112?
True
Is 2430 a multiple of 15?
True
Does 5 divide 288?
False
Is 47477 a multiple of 197?
True
Is 10 a factor of 523?
False
Is 788 a multiple of 18?
False
Does 16 divide 5536?
True
Does 9 divide 11256?
False
Does 59 divide 4023?
False
Is 17 a factor of 1581?
True
Is 20 a multiple of 16?
False
Is 81 a factor of 1014?
False
Is 3583 a multiple of 32?
False
Is 28 a factor of 4424?
True
Does 46 divide 568?
False
Is 6790 a multiple of 19?
False
Is 1800 a multiple of 18?
True
Is 818 a multiple of 2?
True
Is 352 even?
True
Does 17 divide 22899?
True
Is 817 a multiple of 9?
False
Is 128232 a multiple of 11?
False
Is 76 a factor of 274?
False
Is 146 a factor of 7232?
False
Is 16 a factor of 3088?
True
Is 5304 a multiple of 34?
True
Is 165 a factor of 49500?
True
Does 29 divide 268?
False
Does 54 divide 5184?
True
Is 82346 a multiple of 11?
True
Is 2537 a multiple of 43?
True
Is 32 a factor of 3616?
True
Is 33 a factor of 1683?
True
Does 13 divide 9633?
True
Is 1973 a multiple of 59?
False
Is 5676 a multiple of 33?
True
Does 11 divide 726?
True
Does 41 divide 3659?
False
Is 150 a factor of 45600?
True
Is 38 a factor of 1064?
True
Does 66 divide 11499?
False
Does 7 divide 8715?
True
Is 138 a factor of 109459?
False
Does 3 divide 18575?
False
Does 7 divide 4748?
False
Is 63 a multiple of 11?
False
Is 23 a factor of 91774?
False
Is 4757 a multiple of 91?
False
Is 2014 a multiple of 33?
False
Is 8390 a multiple of 63?
False
Is 23 a factor of 8993?
True
Is 3 a factor of 1430?
False
Is 8463 a multiple of 31?
True
Is 76 a factor of 743?
False
Is 22 a multiple of 11?
True
Is 94 a multiple of 22?
False
Is 5451 a multiple of 15?
False
Is 494 a multiple of 38?
True
Does 39 divide 474?
False
Is 15 a factor of 1350?
True
Is 25996 a multiple of 97?
True
Is 2184 a multiple of 21?
True
Is 3162 a multiple of 31?
True
Is 1160 a multiple of 5?
True
Does 37 divide 60075?
False
Is 6636 a multiple of 14?
True
Is 1009 a multiple of 18?
False
Does 23 divide 66?
False
Is 25 a factor of 3550?
True
Is 10 a factor of 1440?
True
Is 47 a factor of 4418?
True
Does 12 divide 420?
True
Does 10 divide 1339?
False
Does 28 divide 2042?
False
Is 1408 a multiple of 40?
False
Does 154 divide 111496?
True
Does 48 divide 1289?
False
Is 16 a factor of 2352?
True
Is 15 a factor of 8872?
False
Is 14976 a multiple of 92?
False
Does 30 divide 90?
True
Is 8 a factor of 2529?
False
Is 18 a factor of 315?
False
Is 336 a multiple of 9?
False
Is 300 a multiple of 6?
True
Does 13 divide 379?
False
Is 4 a factor of 601?
False
Is 1037 even?
False
Is 32 a factor of 224?
True
Is 1496 a multiple of 88?
True
Is 1238 a multiple of 16?
False
Does 20 divide 300?
True
Does 357 divide 714?
True
Does 26 divide 520?
True
Does 4 divide 4?
True
Does 53 divide 37807?
False
Is 561 a mult